7 = c, 7*c - 1074 = 9*c + 3*s. Let k = c - -908. What is the tens digit of k?
7
Suppose q = -4*t + 39894, -5*t + 2*q + 55708 = 5860. What is the tens digit of t?
7
Suppose -978174 = -7*l - 93*l - 26774. What is the units digit of l?
4
Suppose -2*n - 108 = -11*n. Let x be (1204/20 - -2) + n/15. Let d = 99 - x. What is the tens digit of d?
3
Suppose 414 = 3*r - 330. Let u = -158 + r. What is the units digit of u?
0
Let q = 161355 + -109221. What is the units digit of q?
4
Let p be (-12 - -3)/(6 - 5). Let f be 199/(-3) + (-3)/p. Let k = 135 + f. What is the tens digit of k?
6
Let q(v) = -v - 3. Let r be q(-7). Suppose i + r*i + a = 8, -2*a + 2 = 3*i. What is the units digit of (273/9 - 2/(-3)) + i?
3
Let n(o) = -o**2 - 4*o + 2. Let m be n(-4). Suppose 3*k = -2*k + 20. Suppose -p = 5, -k*p + 323 + m = 5*i. What is the tens digit of i?
6
Let m be (-26)/(-52)*1/((-1)/(-204)). Let n = m + 445. What is the tens digit of n?
4
Suppose -3*w + 3*r = -103623, -5*r = -4*w - 50069 + 188240. What is the ten thousands digit of w?
3
Suppose 2*l = -4*s - 0*l, -s + 4*l = -18. Let v be 12/4 + 0 + s. Let u = v - -21. What is the tens digit of u?
2
Let n = 87576 + -50106. What is the hundreds digit of n?
4
What is the units digit of 8/6 - (38830/(-18) + 44/(-99))?
9
Let t = 981 - 558. Let s = t + 8. What is the units digit of s?
1
Suppose -5*g + 13122 = -2*o, 4*g - 55*o + 54*o = 10497. What is the tens digit of g?
2
What is the tens digit of 4/(-24) + (-45643)/(-6)?
0
Suppose 0 = 18*r - 12*r - 18546. Let l = r - 1958. What is the tens digit of l?
3
Let w(q) = 7*q**3 + 56*q**2 + 75*q - 74. Let l(k) = 12*k**3 + 112*k**2 + 149*k - 149. Let o(r) = -3*l(r) + 5*w(r). What is the hundreds digit of o(-55)?
0
Let z = 12 - 11. Let p(g) = 12*g + 1. Let s(b) = 25*b + 2. Let c(j) = -10*p(j) + 6*s(j). What is the units digit of c(z)?
2
Let o be (-12)/9*(4 - (-10)/(-4)). Let h be ((o - -2) + 2)/(2/(-7)). Let d(t) = -19*t - 13. What is the tens digit of d(h)?
2
Let j(r) = r**3 + 15*r**2 + 10*r + 17. Let i be j(-14). Let c = 49 - i. Let o = -23 - c. What is the units digit of o?
1
Suppose -8212 = -2*w + 2*f, -4103 = -w + 997*f - 995*f. What is the tens digit of w?
0
Suppose 5067061 + 451439 = 250*w. What is the tens digit of w?
7
Suppose 0 = -7*d + 181 + 1926. What is the units digit of (1 - d/4)/(87/(-464))?
6
What is the units digit of 24/30 + (-44682)/(-10)?
9
Let n(r) = 2515*r + 401. What is the units digit of n(3)?
6
Let a(g) = 4*g + 25 - 6*g + 6*g - 3*g + g**2. Let c be a(13). Suppose 0 = -6*h - c + 759. What is the tens digit of h?
9
Let t(m) = -18*m + 11. Let p be t(1). What is the tens digit of 3/((-84)/8) - 443/p?
6
Let o(j) = -497*j - 5106. What is the thousands digit of o(-57)?
3
Suppose 2*t = -15 + 37. Let b(p) = -19 + t*p - 6*p + 8*p. What is the tens digit of b(8)?
8
What is the hundreds digit of ((-10)/(-6))/((-104695)/26175 + 4)?
7
Let t(o) = -o**3 - 16*o**2 - 2*o - 38. Let c be t(-16). Let b(x) = x**3 + 7*x**2 + 8*x + 9. Let k be b(c). What is the units digit of 21/(-6) - k - (-3)/2?
1
Suppose -74*d + 217*d - 617331 = 0. What is the thousands digit of d?
4
Suppose -6531648 = -3254*t + 3158*t. What is the thousands digit of t?
8
Let l(i) = i**3 + 6*i**2 + 2*i - 7. Suppose -d - 4*d - 4*g = 29, -4*d + 4*g - 16 = 0. Let p be l(d). What is the tens digit of (404/p)/(1/2)?
0
Let n(z) = z**2 + 6*z + 5. Let u be n(-5). Suppose 8*o + u*o = 552. Let g = 109 - o. What is the units digit of g?
0
Let a(m) = m**2 + 37*m - 77. Let f be a(-43). Suppose -4*l + f = -667. What is the units digit of l?
2
Let f(p) = p**3 - 10*p**2 - p + 3. Let j be f(11). Suppose 2*y - 234 = 4*m, -3*m = -m - 5*y + j. Let k = m + 107. What is the tens digit of k?
4
Suppose 3*j - 112 = 10*j. What is the units digit of 8548/16 - (-4)/j*1?
4
Let k(c) = 319*c - 23. Let n(r) = -20*r - 18. Let x be n(-1). What is the units digit of k(x)?
5
Suppose -41 = -16*v + 23. Suppose -1478 = -2*c + 4*u, -v*c - u - 2227 = -7*c. What is the units digit of c?
3
Let r(v) = v**3 - 6*v**2 + 18*v - 21. Let c be r(4). Let g(n) = 36*n - 72. What is the tens digit of g(c)?
1
Let m(a) = 3*a**2 - 9*a - 17. Let q be m(-12). Suppose q = 8*c - 1501. What is the units digit of c?
3
Let l(t) = 21837*t - 140. Let o be l(-4). What is the tens digit of (o/(-12))/(-4)*6/(-8)?
6
What is the thousands digit of ((-8)/(-12))/(1/445*35/756)?
6
Let f = -2455 - -4248. Suppose -1525 = -6*b + f. What is the tens digit of b?
5
Let d be ((-105)/14)/((-2)/4). Suppose 6*f + 1 - 7 = 0. What is the units digit of f*3 + (d - -56)?
4
Suppose -2*r - 333 = 7*r. Suppose 3*m = 2*m - 3*n + 88, -3*m + 236 = 2*n. Let t = r + m. What is the tens digit of t?
3
Suppose r = -5*p - 2 - 5, 0 = 2*p + 3*r + 8. Let n be (-7)/14*(p - -5 - 0). Let l(s) = 12*s**2 + 5*s + 10. What is the tens digit of l(n)?
4
Suppose -3*g = -g. Let m(h) = 149 + 388*h + 381*h + h**3 - 772*h. What is the hundreds digit of m(g)?
1
Suppose 3*i = 4*i + 3*a - 11, -17 = i - 4*a. Let x(z) = -68*z - 9. What is the tens digit of x(i)?
5
What is the hundreds digit of 336/(-12)*(108320/28)/(-4)?
0
Suppose c - 38 = -2*q, 12 - 2 = 2*q. Let h = c - 25. Suppose -h*m = -8*m + 15, -3*k - 4*m + 192 = 0. What is the units digit of k?
0
Let j(x) = -19*x**3 + 6*x**2 - 7*x + 9. Let c be j(4). Let z = -782 - c. What is the hundreds digit of (0 - 2/3)/((-2)/z)?
1
Suppose -d - 3 = -w, d = 2*d + 2*w - 9. Let k be (0 - (-1 + 3))/(d/(-1)). Suppose k*v = 5*v - 219. What is the tens digit of v?
7
Let k = -29172 - -42409. What is the units digit of k?
7
Suppose 0 = 3*h - 8*h + 25, -2*h + 8 = b. What is the units digit of (6/(-18))/(b/4962)?
7
Let z(r) be the second derivative of r**5/20 - 3*r**4/4 + 7*r**3/6 + 13*r**2/2 - 7*r. Let i be z(8). Suppose -71 = -6*p + i*p. What is the units digit of p?
1
Let w be -1 + 4 + -6 + (4 - 3). Let q be ((-32)/80)/((w + 1)/215). Let n = 251 - q. What is the units digit of n?
5
Let a(k) = -k - 22. Let s be a(-27). Suppose 0 = 2*h - 2*j - 3230, 0 = s*h + 18*j - 14*j - 8084. What is the hundreds digit of h?
6
Let f be (-10)/(-6)*4*(-18)/(-60). Suppose -2*w + w = f*z - 663, 3*z = -5*w + 998. What is the tens digit of z?
3
Let q(w) = w**2 + 2*w + 17. Let l be q(-10). Suppose -4*g + 3*g + l = 0. Let p = -35 + g. What is the tens digit of p?
6
Suppose 5 = 2*o - 4*a - 5, -4*o + a + 6 = 0. Let b be 3*24/(-60)*30. What is the units digit of (39/(-52))/(o/b)?
7
Let y(j) = -j**3 + 8*j**2 + 11*j - 1. Let s be ((0/(-2))/((-2)/2))/2. Suppose 2*c - 3 = -r - 4*r, -3*c + 2*r + 33 = s. What is the units digit of y(c)?
7
Let f = -46367 - -91722. What is the units digit of f?
5
Suppose -2*n - 133 + 1231 = 0. Let t = n - 296. What is the units digit of t?
3
Suppose -3*v - 17 = -2*z - 1, -4*v + 4*z - 16 = 0. Let t(x) be the third derivative of -7*x**4/24 - 7*x**3/6 + 8*x**2 - 7*x. What is the tens digit of t(v)?
4
Suppose -4*c + 18 = -5*t, -3*t + 0*c - 2*c = 2. What is the units digit of (371/t)/((-10)/20)?
1
Let g = -2072 - -19884. What is the tens digit of g?
1
Let t(d) = -d**2 - 1. Let w be t(0). Let l be 9/4 + w*(-4)/(-16). Suppose 0 = -l*r + 2, 0 = -p + 2*p - 5*r - 82. What is the units digit of p?
7
Let y(i) = -4*i**3 + i**2 + 4*i - 10. Let r = 90 - 94. What is the units digit of y(r)?
6
Suppose -5*l = 5, -146551 = -4*s + 3*l + 79132. What is the ten thousands digit of s?
5
Suppose -58295 + 166256 = 21*j. What is the hundreds digit of j?
1
Let a(h) = -2*h**2 + 49*h - 9. Let g be a(39). Let u = 2652 + g. What is the units digit of u?
2
Let l(x) = 20*x**2 - 16*x + 15. Let v = -456 + 463. What is the hundreds digit of l(v)?
8
Suppose -469*p + 18373335 + 5524829 = -18148155. What is the units digit of p?
1
Suppose -h + 16392 = -6353 + 3259. What is the units digit of h?
6
Suppose 0*x = -x - 3. What is the tens digit of ((-146)/8 - x)*16/(-2)?
2
Suppose 2*b - 17 = -0*y + 5*y, 6 = -3*b - 3*y. Let j(h) = 341*h**3 + 3*h**2 + h - 3. What is the tens digit of j(b)?
4
Let z(s) = 74*s**2 - 14*s - 118. What is the hundreds digit of z(-26)?
2
Suppose 4*i = -2*w + 46408, 3*i - 20*w + 18*w - 34813 = 0. What is the hundreds digit of i?
6
Let j = 209 + -206. Suppose 12*f - 174 = -u + 7*f, 4*u - 730 = -j*f. What is the hundreds digit of u?
1
Let v be (-10)/35 + 36/126. Suppose 11*n - 7*n + 4*y - 3716 = v, -3*n + 3*y = -